1 is divided by j.
24
Suppose 627 = 10*c + 478 - 631. Calculate the remainder when 1100 is divided by c.
8
Let g(v) = v**3 + 5*v**2 + v + 241. Let x be g(0). Let p = 248 - x. Let c = 113 + -66. What is the remainder when c is divided by p?
5
Let c(y) be the third derivative of y**5/60 - 7*y**4/12 + 32*y**3/3 + y**2 + 55*y. Calculate the remainder when 58 is divided by c(7).
13
Suppose -2*y - 96 = -6*y. Let c(g) = -g**2 + 5*g - 4. Let w be c(3). Suppose 0 = w*v - 45 - 49. What is the remainder when v is divided by y?
23
Let l(j) = -523*j + 1036. Calculate the remainder when l(-23) is divided by 11.
8
Let h(b) = 2*b**2 + 4. Suppose -145*f + 748*f = 522073 - 133138. What is the remainder when f is divided by h(-4)?
33
Let l(o) = -8*o**3 + 9*o**2 + 7*o - 27. What is the remainder when l(-5) is divided by 106?
103
Let n = -29303 - -29309. Let m = 34 + -8. What is the remainder when m is divided by n?
2
Suppose 206 = 5*x - 24. Calculate the remainder when -238*(-3 + 1 + 69/x) is divided by 61.
58
Let o = -4351 + 4354. Suppose k + 144 - 407 = 0. Suppose -n = -2*t - 74, -n - 3*n + k = o*t. Calculate the remainder when n is divided by 23.
22
Let m be (1 - (39 - 2))/(26/(-312)). Suppose 16*g - 144 - m = 0. What is the remainder when 67 is divided by g?
31
Let f(l) = -l**3 - 6*l**2 - 3*l - 10. Let a(i) = -3*i**2 + 22*i + 12. Let n = 103 - 97. Calculate the remainder when f(-8) is divided by a(n).
34
Let y = 2 - -3. Suppose 0*v - 230 = -y*v + 2*x, -5*v + 210 = 2*x. Suppose 0 = 9*w - 1429 + 250. What is the remainder when w is divided by v?
43
Let t(x) = -x**2 - 213*x - 3214. Calculate the remainder when 541 is divided by t(-17).
69
Suppose -5*u + 3*u = 5*i - 52, -i - 104 = -4*u. Suppose -22*t + 3036 = -34*t. Let x = t + 262. What is the remainder when u is divided by x?
8
Suppose 100 = -9*v + 793. Calculate the remainder when 179 is divided by (-6)/(-33) - (-2296)/v.
29
Let r = -3548 + 4171. Calculate the remainder when r is divided by 157.
152
Suppose -131*w = -41*w - 549090. Calculate the remainder when w is divided by 1523.
9
Let q be (-10)/80*3 - 13/8. What is the remainder when (1995/(-14))/19*(-34 + q) is divided by 28?
18
Let t = 12 + -10. Suppose 0*a + 5*q = -a - 45, -a = t*q + 33. What is the remainder when (140/a + 1)*-5 is divided by 3?
2
Let s be 62/14 + ((-30)/21 - -2). Calculate the remainder when 42 is divided by 54/s + (-76)/20 + 4.
9
Suppose -3943 + 456 = -51*l + 4520. What is the remainder when 580 is divided by l?
109
Suppose 0 = 13*r - 17*r + 144. What is the remainder when 1175 is divided by r?
23
Suppose 3*c + 120125 = 121076. Calculate the remainder when c is divided by 303.
14
Let b be (-4709)/34 - 5/(-2). Let y = b + 144. Calculate the remainder when 14 is divided by y.
6
Suppose 32*d + 5736 = 28*d + 16*d. What is the remainder when d is divided by 60?
58
Let m be (0 - 0)*(-5)/(-5). Let g(n) = -n**3 + 5*n**2 - n + 2. Let i be g(-4). Suppose m = -13*u + i + 58. What is the remainder when 78 is divided by u?
14
Let h be (2/2)/(-5 + 888/177). Suppose -5*d + h = 5*y - 11, -3*y + 5*d + 18 = 0. Calculate the remainder when 94 is divided by y.
6
Suppose -80*g + 5842 = 47*g. Calculate the remainder when 904 is divided by g.
30
Let n(w) = w**2 - 7*w + 5. Suppose 212 - 1044 = -8*l. What is the remainder when l is divided by n(7)?
4
Let g = 4494 - 4126. Calculate the remainder when g is divided by 62.
58
Suppose 107 - 90 = -t - 4*j, -2*j = 3*t - 19. What is the remainder when (-267)/(-9) - 1/(-3) is divided by t?
8
Suppose 70*f - 76*f + 2130 = 0. Calculate the remainder when f is divided by 36.
31
Suppose -4*o - s + 3847 = -2*s, 3*s - 15 = 0. What is the remainder when 2*(-2)/(-5) + o/15 is divided by 18?
11
Let l be (-2084)/(-14) - 5 - (-2)/14. Let n = l - 138. Calculate the remainder when 7 is divided by n.
1
Suppose 2*x - 3*k = 35, 4*k = -3*x - 0*k + 61. What is the remainder when x is divided by 5/(80/24)*8?
7
Let a = -12 + 4. Let z = 26 + a. What is the remainder when ((-6)/9)/(2/(-84) - 0) is divided by z?
10
Suppose -4*s + 319 + 1417 + 300 = 0. Calculate the remainder when s is divided by 32.
29
Let p(i) = -3*i**2 + 11*i - 19. Let q be p(5). Suppose n - 4*y - 36 = 0, 5*y - 60 - 64 = -2*n. Let w = n + q. What is the remainder when 38 is divided by w?
12
Let p(y) = y - 46. Let i be p(7). Let q = i - -188. Calculate the remainder when q is divided by 75.
74
Let i be 45 + 1/(-3)*-3. Let r = -72 - -212. Suppose -3*o + i = -r. Calculate the remainder when o is divided by 13.
10
Suppose 3*l = -f + 26, -5*f + 11 = 4*l - 31. Calculate the remainder when 581 is divided by l.
5
Let l be 7 - (6 + -2) - (3 - 2). Suppose -j - l = -128. Let i = 0 - -32. What is the remainder when j is divided by i?
30
Suppose 81*u - 85*u + 280 = 0. Calculate the remainder when 112 is divided by u.
42
Let o(y) = 7*y**2 - 232*y - 1901. What is the remainder when 5230 is divided by o(-8)?
394
Let l = 40 - 42. Let g(u) = 5*u**2 + 3*u - 2. Let p be g(l). Calculate the remainder when (p/(-18)*6)/((-4)/98) is divided by 17.
13
Let x = -269 + 288. What is the remainder when 241 is divided by (-12 + x)*3/(6/10)?
31
Suppose -120 = -5*m + 5*g - 10, 5*g + 88 = 4*m. Suppose 12 = -p - 3*x, 4*p - 2*x = -0*x + m. What is the remainder when 29 is divided by p?
2
Suppose -105*s + 82*s + 15794 + 14681 = 0. What is the remainder when s is divided by 166?
163
Let z be 47/9 - (-30)/(-135). Suppose -4*k + 98 = 2*t, -2*k - z*t + 41 + 12 = 0. Calculate the remainder when 67 is divided by k.
19
Let f be (-30)/(3*10/(-15)). What is the remainder when 53 is divided by (f/10)/(11/154)?
11
Let s be 1/(-1 + (-4 - 445/(-90))). Calculate the remainder when 27/18*23*2 is divided by (s/12)/((-1)/12).
15
Let m(v) = 14*v**2 + 5*v - 21. Let h be m(15). Suppose -11*t = -h + 245. Calculate the remainder when t is divided by 17.
14
Let v(y) = 31*y. Let o(w) = -2*w**3 + 34*w**2 - 36*w - 85. Let l be o(17). Let g = l + 717. Calculate the remainder when v(3) is divided by g.
13
Calculate the remainder when -2 - (-175 - (-20 + 6)) is divided by 30.
9
Calculate the remainder when (-4184)/24*(-4 + (11 - 10)) is divided by 147.
82
Suppose -3*r - 3*c + 1221 = 0, -3*c + 815 = -3*r + 2012. Let o = -15594 + 15652. What is the remainder when r is divided by o?
55
Suppose 0 = 57*s - 45*s - 3648. Let v = -277 + s. What is the remainder when 40 is divided by v?
13
Let r be (-36)/(-15) + 104/65. Let j be 554*((-2)/(-4) + 0). Suppose -r*u = -5*u + j. Calculate the remainder when u is divided by 20.
17
Suppose -72928 + 21142 = -274*g. Calculate the remainder when g is divided by 36/(-10)*(-40)/3.
45
Suppose 8*m - 440 = 5*m - h, 0 = 3*m - 3*h - 468. Suppose r = 4 + 26. Calculate the remainder when m is divided by r.
29
Let d(r) = -42*r**3 - 2*r**2 + 3*r + 2. Let q be (40/16)/(-1)*2/5. Calculate the remainder when d(q) is divided by 27.
12
Let i = 2 + 0. Let v(x) = 2*x**2 + 10*x + 1. Let t be v(-4). Calculate the remainder when (4/2)/((-2)/t) is divided by i.
1
Suppose 3*a = 50 + 130. Suppose -1 = -k - 3*s, -5*k + s - 5*s + a = 0. What is the remainder when k is divided by 13?
3
Suppose 0 = -6*q + 226 + 50. Let d = q - 25. Suppose u = -d + 29. What is the remainder when 47 is divided by u?
7
Suppose 0 = 4*n - 26*n - 1056. Let v = 51 - n. Calculate the remainder when v is divided by 20.
19
Let k be 368/26 + 5*18/(-585). Suppose 4*g + 5*x = 41, 2*g = 2*x + 2*x + k. Calculate the remainder when 123 is divided by g.
6
Let p(w) be the first derivative of -10*w**2 - 267*w + 169. What is the remainder when p(-43) is divided by 33?
32
Suppose -6877*h + 6879*h = 32. What is the remainder when 7503 is divided by h?
15
Suppose 5*f = -3*j - 16, -5*f - 31 = -20*j + 18*j. What is the remainder when ((-4)/(-3))/(1/3) is divided by j?
1
Let x(n) = 22*n + 6. Let i be x(-11). Calculate the remainder when (135 - 15) + (1 - 3) is divided by i/(-8) - (-2)/4.
28
Suppose -3*w - 356 = -m, 141*m - 140*m + 4*w - 307 = 0. Calculate the remainder when m is divided by 131.
73
Suppose 184 = i + 89. Suppose -94*t = -i*t + 218. What is the remainder when t is divided by 20?
18
Let m = -138 - -146. Suppose 2*c = 4*f - 150, 2*f + 0*c = -5*c + 81. Calculate the remainder when f is divided by m.
6
Suppose -2*a = -u - 6*a + 11, -u + 13 = 5*a. Suppose u*l = 